1 composite?
False
Is 7908067 a prime number?
False
Is 1002961 composite?
True
Is 35669531 composite?
True
Is 9311403 a prime number?
False
Is 46971241 a prime number?
False
Is 2574071 prime?
True
Is 13230839 composite?
True
Is 11405131 composite?
True
Is 257130827 a composite number?
False
Is 4909717 a prime number?
True
Is 1110533 composite?
False
Is 29547933 prime?
False
Is 107539473 composite?
True
Is 71264647 composite?
False
Is 130986931 a prime number?
False
Is 300021013 prime?
False
Is 47854427 a prime number?
True
Is 73571843 a composite number?
True
Is 1101421 prime?
True
Is 24752261 a prime number?
True
Is 145822643 composite?
True
Is 37444021 a prime number?
False
Is 706632833 prime?
True
Is 593863 a prime number?
True
Is 1956277 a composite number?
True
Is 156965983 prime?
True
Is 1375237 a prime number?
True
Is 8587849 a composite number?
False
Is 3981971 prime?
False
Is 16243433 a prime number?
True
Is 383137 prime?
False
Is 11720935 a prime number?
False
Is 7808641 a prime number?
False
Is 45719585 a prime number?
False
Is 190447987 composite?
True
Is 39405811 a composite number?
False
Is 43267571 prime?
True
Is 26797271 prime?
False
Is 416994839 a prime number?
False
Is 732323558 prime?
False
Is 2433517 prime?
False
Is 60435227 a composite number?
False
Is 1695091 prime?
True
Is 15436343 a prime number?
False
Is 25532621 composite?
False
Is 8960467 a composite number?
False
Is 25708363 a prime number?
True
Is 1481413 composite?
False
Is 6381607 composite?
False
Is 7128377 prime?
False
Is 566122147 a prime number?
False
Is 305810117 a composite number?
True
Is 382181 prime?
False
Is 127265405 prime?
False
Is 48955357 prime?
False
Is 648141185 a composite number?
True
Is 91403639 prime?
True
Is 99412331 composite?
True
Is 5326413 prime?
False
Is 9794501 prime?
False
Is 11029091 composite?
False
Is 52754311 a prime number?
True
Is 24340913 a prime number?
False
Is 3767201 a composite number?
True
Is 3089193 a composite number?
True
Is 159287 a composite number?
False
Is 61045399 prime?
True
Is 33427247 a composite number?
True
Is 9724411 a prime number?
True
Is 1838903 a composite number?
True
Is 40925789 a prime number?
True
Is 52256189 composite?
False
Is 5470489 composite?
False
Is 3853363 a composite number?
True
Is 176621603 a prime number?
True
Is 5269259 a prime number?
True
Is 11157409 prime?
True
Is 2493923 a prime number?
True
Is 18944293 a composite number?
False
Is 10565267 a prime number?
True
Is 15274549 composite?
True
Is 72490331 prime?
False
Is 2704481 a composite number?
True
Is 27890771 a prime number?
True
Is 3516971 prime?
True
Is 47369485 composite?
True
Is 37992809 a prime number?
True
Is 17647247 composite?
False
Is 470443 a prime number?
True
Is 35136481 a composite number?
True
Is 52156399 prime?
False
Is 617488231 composite?
False
Is 33380899 composite?
True
Is 16608749 composite?
False
Is 1132639 a prime number?
True
Is 130957 composite?
False
Is 1057853 prime?
True
Is 11369177 composite?
True
Is 7707101 a prime number?
False
Is 215239 composite?
False
Is 66141133 composite?
True
Is 331560011 prime?
True
Is 2086481 a composite number?
False
Is 15604673 composite?
True
Is 282818399 prime?
True
Is 60429979 prime?
True
Is 3481507 prime?
False
Is 85535581 composite?
False
Is 497323 prime?
True
Is 3495043 a composite number?
False
Is 5141519 composite?
False
Is 10087151 a prime number?
False
Is 17038471 a composite number?
True
Is 2172331 a composite number?
True
Is 10313423 a prime number?
True
Is 5791241 a composite number?
False
Is 44875079 a prime number?
True
Is 1535761 prime?
True
Is 288241 a composite number?
False
Is 69549737 a prime number?
False
Is 2963399 a prime number?
True
Is 1137841 composite?
True
Is 71447 a composite number?
True
Is 112004263 prime?
False
Is 105053189 a composite number?
False
Is 26112505 composite?
True
Is 208219045 a prime number?
False
Is 59262367 a prime number?
False
Is 334553 composite?
True
Is 953497 a prime number?
True
Is 2040569 prime?
False
Is 2134882 a composite number?
True
Is 2312951 a composite number?
False
Is 1531483 a prime number?
False
Is 84888563 a prime number?
False
Is 27235159 a composite number?
True
Is 603025869 a prime number?
False
Is 3775741 a prime number?
False
Is 2932651 prime?
True
Is 16836059 composite?
False
Is 97526699 a composite number?
False
Is 15901051 a prime number?
True
Is 101908481 a prime number?
True
Is 161231407 a prime number?
True
Is 218819137 a composite number?
False
Is 3450527 a prime number?
False
Is 886972353 a prime number?
False
Is 83814449 composite?
False
Is 7979009 a prime number?
True
Is 12331271 prime?
False
Is 5808171 a composite number?
True
Is 2508029 composite?
True
Is 195388181 a prime number?
True
Is 506948699 prime?
True
Is 1360463 a composite number?
True
Is 37023037 composite?
True
Is 12544531 prime?
False
Is 5389465 prime?
False
Is 234292013 a composite number?
True
Is 350742209 a composite number?
False
Is 4206401 a prime number?
False
Is 15999583 a composite number?
False
Is 16972519 composite?
True
Is 9993387 a composite number?
True
Is 58456147 composite?
False
Is 12538703 a prime number?
False
Is 15308879 prime?
False
Is 3122906 a composite number?
True
Is 250826099 a composite number?
False
Is 12991783 composite?
True
Is 10772371 prime?
True
Is 172613 a composite number?
True
Is 82565057 composite?
False
Is 5613313 prime?
True
Is 1995577 composite?
True
Is 15837033 a prime number?
False
Is 25786169 a composite number?
True
Is 1344113 composite?
False
Is 14323901 composite?
True
Is 1092565 a prime number?
False
Is 37718453 prime?
False
Is 629093767 a prime number?
False
Is 1194688543 a prime number?
True
Is 10239251 a composite number?
True
Is 23413799 a composite number?
False
Is 13413389 prime?
False
Is 2183369 a composite number?
True
Is 519985 a prime number?
False
Is 19370927 a composite number?
True
Is 35221643 prime?
False
Is 526224149 prime?
False
Is 3500521 a prime number?
False
Is 78538877 prime?
False
Is 15110422 a prime number?
False
Is 12751127 a prime number?
True
Is 7702603 prime?
False
Is 5312351 a prime number?
False
Is 2044559 a prime number?
False
Is 406963157 composite?
False
Is 2301803 a prime number?
False
Is 1358281 a composite number?
False
Is 686267 a prime number?
True
Is 3526909 composite?
False
Is 2892881 prime?
True
Is 40669913 composite?
True
Is 3113731 prime?
False
Is 554503 a prime number?
True
Is 7642487 a composite number?
False
Is 3512567 composite?
True
Is 8861957 a prime number?
False
Is 284545 a prime number?
False
Is 2164373 composite?
True
Is 565961021 a composite number?
False
Is 134342473 prime?
True
Is 1017749 prime?
True
Is 8841127 a composite number?
True
Is 11491741 composite?
False
Is 11366227 a composite number?
False
Is 1066763 a composite number?
True
Is 1479515 a prime number?
False
Is 3124067 a prime number?
False
Is 943471 a composite number?
False
Is 3832903 a prime number?
True
Is 147345397 prime?
True
Is 45359257 a prime number?
True
Is 1521853 composite?
False
Is 7226057 prime?
True
Is 21992153 composite?
False
Is 108333226 prime?
False
Is 77016571 a composite number?
False
Is 393257 composite?
False
Is 162175009 composite?
False
Is 9472387 a prime number?
True
Is 807349 a prime number?
False
Is 4586189 a composite number?
False
Is 1337401 a prime number?
False
Is 19775429 prime?
False
Is 254141 a composite number?
False
Is 297954413 a composite number?
False
Is 35126309 a composite number?
False
Is 10239029 a prime number?
False
Is 36258487 composite?
False
Is 1789031 prime?
False
Is 110249093 a prime number?
True
Is 94024921 prime?
True
Is 3689113 a prime number?
True
Is 6183679 prime?
False
Is 30259907 composite?
False
Is 93289841 prime?
True
Is 111813011 a composite number?
False
Is 27173513 prime?
True
Is 98092271 composite?
False
Is 2865131 a composite number?
False
Is 1452539461 a composite number?
False
Is 2830027 composite?
False
Is 137814289 prime?
True
Is 350327 a prime number?
False
Is 20044219 composite?
True
Is 51197501 prime?
True
Is 14504411 a prime number?
True
Is 4688441 a prime number?
True
Is 3670081 a prime number?
True
Is 45863749 a prime number?
True
Is 40140703 a prime number?
True
Is 81157523 a prime number?
True
